m?
2
What is the tens digit of (6 + -8 + 1)*-58?
5
Let j(r) = 7*r**2 + 42*r - 21. Let k(w) = -w**2 - w - 1. Let l(a) = -j(a) - 5*k(a). What is the tens digit of l(-17)?
7
Let o(i) = 9*i**2 + 5 + 12*i**3 - 13*i**3 + 3*i - 2. Let f be o(9). Suppose 0 = -4*l - 2*m + 124 - 2, -m = l - f. What is the units digit of l?
1
Let l(c) be the second derivative of -c**5/20 + 19*c**4/12 - 3*c**3 + 27*c**2/2 + c + 15. What is the units digit of l(17)?
9
Suppose 5*i + 2076 = 7266. What is the thousands digit of i?
1
Let g = -67 + 64. What is the units digit of 42/4 - g/6?
1
Let c(w) = w**2 - w - 2. Let u be c(-3). Let v = -3 + u. Suppose -3*p + v*p = 4*g + 24, 5*p = -g + 6. What is the units digit of p?
2
Suppose 4530 = 13*g - 3*g. What is the units digit of g?
3
Suppose -13 = -5*k + 2*s, -4*k + 12 = -k + 3*s. Suppose 0 = -x - 5*g - 17, 2*g + 2*g = k*x - 25. Suppose -x*w = w - 72. What is the units digit of w?
8
Suppose 2*y = 4*y - 20. What is the hundreds digit of ((-7532)/(-70))/(4/y)?
2
What is the hundreds digit of 24/(-112)*-2824 - 1/7?
6
Let k(c) = 16*c**2 + 5000. What is the thousands digit of k(0)?
5
Let q(u) = 270*u - 172. What is the tens digit of q(4)?
0
Let z(h) = h + 3. Let u be z(-7). What is the tens digit of u/(5 - 4) + 50?
4
Let m = 18 - 12. Let b(t) = -t**3 + 6*t**2 + 5. Let o be b(m). Suppose -15 = -o*h + 10. What is the units digit of h?
5
Suppose 9 = -5*j + 59. What is the tens digit of j/(-50) + (-181)/(-5)?
3
Let d(y) = -y**3 - 7*y**2 + 6*y - 11. Let v be d(-8). Suppose -81 = 2*b - v*b. What is the units digit of b?
7
Let z(t) = 3*t**2 - 2. Let s(w) = -w**3 + 7*w - 2. Let k be s(3). Let g = k + 4. What is the units digit of z(g)?
6
Let m be 3/(-9) + 3122/6 + 0. Suppose 13*o - 1144 = m. What is the units digit of o?
8
Suppose 32*r - 7*r = 7950. What is the hundreds digit of r?
3
Suppose 3*m - 3*y - 2598 = 0, 12*y - 3494 = -4*m + 6*y. What is the units digit of m?
9
Let w(v) = 5*v**2 - v**2 - 2*v + 3*v**2 - 6 + 4*v**3 - 8*v**2. What is the units digit of w(4)?
6
Suppose 0 = -i - i - p + 13, 2*p = 6. Suppose 4*f = 3*l + i, 0 = 2*f - 0*l + l - 5. Suppose -5*z = 2*o - 113, f = -5*z - o + 116. What is the tens digit of z?
2
Let h = 47 - 47. Suppose -2*u + 6*u - 192 = h. What is the units digit of u?
8
Suppose -c - 9 = -4*c. Suppose 2*w - 3*k - 3 = 8, -c*k = -9. Suppose n - w + 1 = 0. What is the units digit of n?
9
Suppose -g = -2*y + 217, 7*g = 4*y + 8*g - 437. What is the hundreds digit of y?
1
Suppose -5*p - 39 - 149 = 2*j, 2*p - 2*j + 78 = 0. Let f be 57 + 6/(-2 - 1). Let w = f + p. What is the units digit of w?
7
Let d(c) = -c**2 - 2 + 3*c**2 - 2*c - 11 + 10. Suppose 6*i + 20 = i. What is the tens digit of d(i)?
3
What is the tens digit of (-29)/(-116) - 5214/(-8)?
5
Let x be 152/28 + (-3)/7. Let r(a) = -a**2 + 13*a - 6. What is the tens digit of r(x)?
3
Let q be (21 + 2)/((-4)/(-32)). Suppose 0 = r - 4. Suppose 4*t + i + 3*i - q = 0, -r*t - 2*i + 194 = 0. What is the tens digit of t?
5
Suppose 16*o - 51688 = 168. What is the units digit of o?
1
Suppose -1301 = -3*a - 104. Suppose -5*v - 321 = -4*w, w + 4*v = 6*w - a. What is the tens digit of w?
7
Let k(z) = 8*z - 2. Suppose -1 = -3*o + 5*g - 6, 5*g - 5 = 0. Suppose -4*q + 2*y = -0*y - 6, -2*y + 2 = o. What is the units digit of k(q)?
4
Let b = 77 - 74. Let h = -120 + 296. Suppose -b*o + 147 = o + 3*i, -4*i = -5*o + h. What is the tens digit of o?
3
Suppose z - 2*g - 11 = 0, 3*g + 14 = -3*z + 4*z. Let u = 35 + -11. Suppose z*r = 3*r + u. What is the units digit of r?
2
Suppose -1439 = -29*b + 28*b. What is the tens digit of b?
3
Let t(u) = -2246*u - 247. What is the tens digit of t(-2)?
4
Suppose 1 = i + 4*p, -3*i + 8*i - 3*p - 28 = 0. Let x(f) = f**3 - 4*f**2 + 7*f - 2. Let m be x(6). Suppose -m + 12 = -i*l. What is the tens digit of l?
2
Suppose 2*z - 15 = -5*t + 20, 0 = 5*z. What is the tens digit of (7/t)/(-2 + 95/47)?
4
Suppose -4*f + 3 = -f. Let z be 3/(-12)*f*-16. Suppose 2*j - 95 = m, -j - z*m = -3*m - 40. What is the units digit of j?
5
Let s(q) = 68*q**3 - 3*q**2 + 2*q - 1. What is the hundreds digit of s(2)?
5
Suppose 5*y - 2*k - 64 - 2330 = 0, 5*y = k + 2392. What is the tens digit of y?
7
Suppose 5*q - u = 4*u - 55, 3*u - 21 = q. Let z = q + 14. Suppose 43 + z = 3*w + l, l = -w + 15. What is the units digit of w?
8
Let q = 24 - 40. Let w be (40/(-14))/(q/56). What is the tens digit of 745/25 + 2/w?
3
Suppose -9 - 3 = -3*a. Suppose 213 = 5*c - 4*b - 264, -2*c + a*b + 186 = 0. What is the tens digit of c?
9
Let h(s) = -s - 5. Let l be h(-10). Suppose 0 = -4*f + 5*g - 13, -11 - 14 = -l*g. Suppose 0 = f*t - 4*t - 2*u + 34, -t = -u - 19. What is the tens digit of t?
2
Let r(m) = 46*m**2 - 13*m - 3. Let g be r(-5). What is the hundreds digit of (1/(-3))/((12/(-3))/g)?
1
Let k be 5/(-1 + (-14)/(-15)). Let j(b) = -9*b + 13. Let g be j(4). Let n = g - k. What is the tens digit of n?
5
Let q be (140/(-12))/((-1)/3). Suppose -3*n + 16 + q = 3*d, -4*n + 29 = d. Let i = d - 1. What is the tens digit of i?
1
Let r = -152 + 2058. What is the tens digit of r?
0
Let r(i) = -5 + 9*i + 1 + 2 + 4. What is the units digit of r(8)?
4
What is the hundreds digit of 3/(((-3)/(-36))/(1703/52))?
1
Suppose -75 - 56289 = -42*a. What is the hundreds digit of a?
3
Let f = 1 + 2. Let i(a) = -24*a - 4. Let v be i(-2). What is the tens digit of v*(f - (-11)/(-4))?
1
Let m be (-9)/2*(84/9)/7. Let q(w) = -w**2 - 6*w + 12. What is the tens digit of q(m)?
1
Let z(p) = -p + 7. Suppose 3*g + 6 = u, -g = 4*u + 2*g - 9. Suppose -4*r = -4*v + 12, 6 = -5*r + 5*v - u*v. What is the units digit of z(r)?
7
Let t be (-16)/(-3 + 5)*(1 + -2). Suppose -513 = -t*q + 5*q. What is the hundreds digit of q?
1
Suppose 4*d - 5*l - 2996 = 5536, 5*l - 20 = 0. What is the units digit of d?
8
What is the tens digit of (-13)/((-728)/75048) + 3/(-21)?
4
Let r be (-10)/(-3) + 5 + (-16)/3. Suppose 151 = 4*z + s, -4*z + 85 = r*s - 64. What is the units digit of z?
8
Suppose n - 16600 = -5*h + 12086, -n + 5734 = h. What is the units digit of h?
8
Suppose -16*v = -17*v - 65. Let h = 115 + v. What is the tens digit of h?
5
Let f = -15 + 17. Suppose 5*o - 5*k = o - 9, -13 = -f*o - k. Suppose -o*w + 3*w + 11 = 0. What is the tens digit of w?
1
Let c(v) = -v + 6. Let o(b) = -b + 5. Let y(n) = -5*c(n) + 4*o(n). Let h be y(0). Let d = 8 - h. What is the tens digit of d?
1
Let i(h) = -6*h**3 - 8*h**2 + 3*h + 7. What is the hundreds digit of i(-7)?
6
Let z(d) = -d**3 - 15*d**2 - 8*d + 29. What is the units digit of z(-16)?
3
Let g(h) = h**3 - 13*h**2 + 28*h - 20. Let b be g(11). Suppose -7*f = 18 - b. What is the units digit of f?
4
Let j(n) = 5*n**3 - 8*n**2 + 26*n - 11. What is the hundreds digit of j(9)?
2
Let l = 702 - -1266. What is the thousands digit of l?
1
Suppose 0*f - 4*r = -3*f + 24, 2*f + 7 = -5*r. Suppose i = -2*i - 4*v + 86, f*v + 70 = 3*i. What is the tens digit of i?
2
Let x(t) = -2*t + 17. Let p be 4 - 4 - -2 - 6. Let i be 1*(p - (2 + 4)). What is the units digit of x(i)?
7
Let k(b) = 16*b**2 - 7*b + 21. Let n be ((-84)/49)/6 - (-30)/7. What is the hundreds digit of k(n)?
2
Let d = -27 + 29. Suppose 4*a = d*j + 6, a - 7 = -j - 1. Suppose 0 = 3*w, a*w - 78 = -3*x + 2*w. What is the units digit of x?
6
Let v(h) = -17*h + 15. Let c(a) = -9*a + 8. Let t(m) = 11*c(m) - 6*v(m). Let p be t(-5). Let y = p + 21. What is the units digit of y?
4
Let q(i) = -i**3 + 2*i**2 + i - 12. Let u(t) = -2*t**3 + 3*t**2 + t - 25. Let a(k) = 5*q(k) - 3*u(k). What is the units digit of a(0)?
5
Let w = 59 - -105. What is the units digit of w?
4
Let d(z) = 52*z + 8. What is the hundreds digit of d(11)?
5
Suppose -5*g + 2*m + 4 - 13 = 0, -3*g - m - 1 = 0. Let t(y) be the third derivative of -y**6/4 - y**3/6 - y**2 + 86. What is the tens digit of t(g)?
2
What is the hundreds digit of 14/21*9 + 228?
2
Suppose a + 44 + 36 = 0. Let z be ((-3)/(-2))/((-24)/a). Suppose -z*c = -r + 1, 0*c + 27 = 2*r - 5*c. What is the tens digit of r?
2
Suppose 5*p = z - 526, 2*p = 7*p + 20. What is the units digit of z?
6
What is the hundreds digit of (-14)/7 + 673 - -1?
6
Suppose 2*z + 86486 = 85*z. What is the units digit of z?
2
Let w(o) = o**3 + 21*o**2 - 11*o + 14. What is the thousands digit of w(8)?
1
Let t = 53 + -45. What is the units digit of (-2492)/(-10) - t/40?
9
